2 - 1442*i + 4329. Calculate m(3).
-6
Let t(m) = -225*m + 31631. Give t(140).
131
Let o(s) = -3*s**2 + 115*s + 29094. Determine o(-81).
96
Let t(m) = 6254*m + 819326. Determine t(-131).
52
Let q(z) = -668*z - 128220. Calculate q(-192).
36
Let t(b) = b**3 + 77*b**2 - 421*b - 952. Give t(-82).
-50
Let j(o) = -o**3 - 1100*o**2 + 7853*o + 115137. What is j(-1107)?
9
Let u(v) = 436891*v + 6990263. Determine u(-16).
7
Let l(j) = -j**3 - 6*j**2 - 190*j - 926. Determine l(-5).
-1
Let u(p) = 3151*p - 334288. Give u(106).
-282
Let z(o) = -15*o**3 - 628*o**2 + 89*o + 192. What is z(-42)?
-18
Let c(i) = 10217*i - 112382. What is c(11)?
5
Let s(o) = 26*o**2 - 2545*o - 326. Determine s(98).
-32
Let f(k) = 4*k**3 - 373*k**2 + 473*k - 153. Calculate f(92).
1043
Let w(z) = z**2 + 20831*z - 208382. Calculate w(10).
28
Let z(m) = -18*m**2 - 330*m + 660. What is z(2)?
-72
Let p(b) = b**2 - 114*b - 8288. Determine p(-52).
344
Let g(u) = -20*u**2 + 1417*u + 44. Determine g(71).
-169
Let m(s) = 14370*s - 115167. Calculate m(8).
-207
Let m(x) = -x**3 + x**2 + 17716*x - 106213. Give m(6).
-97
Let m(g) = 3073*g + 21679. Determine m(-7).
168
Let d(m) = 39*m**3 + 221*m**2 + 316*m + 14. Give d(-3).
2
Let u(f) = 2373*f**2 - 1049*f + 1. Calculate u(1).
1325
Let r(l) = -43*l + 9845. Calculate r(229).
-2
Let y(w) = w**3 + 255*w - 326. Determine y(0).
-326
Let v(s) = -s**3 - 20*s**2 - 34*s + 73. What is v(-6)?
-227
Let m(i) = -i**3 + 58*i**2 + 307*i + 120. Give m(-5).
160
Let f(u) = 5*u**2 + 690*u + 1526. Give f(-138).
1526
Let a(k) = 151*k - 6203. Determine a(40).
-163
Let u(x) = 1626453*x - 14638040. Give u(9).
37
Let a(v) = 2675*v - 42647. Calculate a(16).
153
Let z(t) = -18*t**2 + 28*t + 383. Give z(-8).
-993
Let o(h) = h**3 - 476*h**2 + 5139*h - 286. Give o(11).
-22
Let o(h) = 42*h**2 + 594*h + 2106. Calculate o(-6).
54
Let p(d) = 230*d - 6504. What is p(29)?
166
Let x(d) = -305*d**2 - 3553*d + 1275. Give x(-12).
-9
Let g(n) = -n**2 + 39*n + 22873. Determine g(173).
-309
Let v(b) = 3*b**3 + 31*b**2 + 116*b + 1056. What is v(-10)?
-4
Let d(t) = -5412*t - 48670. Calculate d(-9).
38
Let d(u) = -3*u**2 - 226*u - 1467. What is d(-7)?
-32
Let o(v) = 29*v**2 - 571*v + 1710. Give o(3).
258
Let z(i) = -1637*i - 3546. Calculate z(-3).
1365
Let d(n) = 151*n**2 - 23733*n + 23739. Determine d(1).
157
Let i(n) = 120*n + 22572. What is i(-190)?
-228
Let h(a) = 3*a**3 - 199*a**2 + 623*a + 431. What is h(63)?
-10
Let d(c) = 2575*c**2 + 7763*c + 111. Give d(-3).
-3
Let u(x) = 2*x**2 + 29435*x - 8704359. What is u(290)?
-9
Let p(u) = -3*u**2 + 6295*u - 43889. Give p(7).
29
Let t(g) = 2153*g + 148554. Give t(-69).
-3
Let t(u) = -49266*u - 20642453. What is t(-419)?
1
Let g(r) = -8549*r - 153017. Calculate g(-18).
865
Let n(g) = -72*g**2 + 53*g + 147. Give n(-3).
-660
Let g(d) = 14854*d - 59420. Determine g(4).
-4
Let a(y) = -y**3 + 672*y**2 - 6639*y + 26. Determine a(10).
-164
Let m(z) = -24*z**2 - 1915*z + 393. Determine m(-80).
-7
Let v(r) = 2*r**3 - 465*r**2 - 4097*r - 189. What is v(241)?
-189
Let w(l) = 260*l + 2592. What is w(-12)?
-528
Let m(k) = -4*k**3 - 284*k**2 - 256*k + 1684. Give m(-70).
4
Let u(d) = -d**3 + 13*d**2 - 3718*d + 60270. Calculate u(16).
14
Let s(h) = 134*h**2 + 1075*h - 59. Give s(-8).
-83
Let l(y) = -y**3 + 27*y**2 + 118*y - 5036. Calculate l(18).
4
Let c(l) = l**2 - 40*l + 776. What is c(41)?
817
Let i(v) = -102*v**3 + 5*v**2 - 121*v - 123. Determine i(-1).
105
Let k(c) = 7*c**3 - 51*c**2 + 18*c + 31. Give k(9).
1165
Let z(g) = g**3 + 190*g**2 + 67*g - 22934. Calculate z(-189).
124
Let a(p) = -521370*p + 3649581. Give a(7).
-9
Let h(q) = -97*q + 1604. Determine h(2).
1410
Let y(v) = 9174*v + 642229. Calculate y(-70).
49
Let d(g) = g**2 + 3072*g - 124371. Calculate d(40).
109
Let l(o) = -152*o - 19772. Give l(-130).
-12
Let o(c) = -c**2 - 813*c + 62757. Give o(70).
947
Let p(t) = -1907*t**2 + 30517*t - 71. What is p(16)?
9
Let s(w) = 2122*w - 16982. Give s(8).
-6
Let d(x) = -x**3 + 27*x**2 - 172*x - 95. Calculate d(19).
-475
Let i(d) = d**2 - 651*d + 81157. Determine i(168).
13
Let a(b) = b**3 - 378*b**2 - 362*b - 5501. Determine a(379).
942
Let t(l) = 2314*l - 453. Calculate t(0).
-453
Let d(n) = 3*n**2 - 75*n - 985. Give d(32).
-313
Let d(j) = -j**3 + 349*j**2 - 1029*j - 3122. Give d(346).
-8
Let j(v) = -28*v**3 - 88*v**2 - 93*v - 165. Give j(-3).
78
Let q(y) = -20232*y + 40445. What is q(2)?
-19
Let d(v) = -v**2 + 31008*v + 558881. Give d(-18).
413
Let p(w) = 163*w**2 + 478*w + 9. Determine p(-2).
-295
Let t(x) = -180*x + 29303. Calculate t(160).
503
Let q(y) = 3*y**3 - 1070*y**2 + 2833*y - 349. Determine q(354).
5
Let d(y) = 3*y**2 + 28*y - 15605. Determine d(69).
610
Let c(p) = 961*p**2 + 6642*p - 597. What is c(-7)?
-2
Let d(q) = 676*q - 43972. Determine d(65).
-32
Let z(t) = 2*t**3 - 38*t**2 - 16*t + 45. Give z(19).
-259
Let j(g) = 10*g**2 - 44*g + 140. Determine j(12).
1052
Let z(l) = -66*l**2 - 422*l + 2. Determine z(-9).
-1546
Let d(g) = -g**3 - 35*g**2 + 320*g + 12094. Give d(-34).
58
Let c(j) = j**3 + 10*j**2 + 28*j + 469. Determine c(-10).
189
Let h(u) = -2*u**2 - 148*u - 542. Determine h(-62).
946
Let u(a) = -135*a - 17528. What is u(-133)?
427
Let n(z) = z**3 + 106*z**2 + 221*z + 1226. Determine n(-104).
-126
Let t(z) = -82*z + 895. What is t(12)?
-89
Let t(p) = 8281*p + 49644. Calculate t(-6).
-42
Let x(k) = 2*k**2 + 152508*k + 1219932. Determine x(-8).
-4
Let r(s) = -s**2 + 111*s + 931. Calculate r(-10).
-279
Let q(p) = -7706*p + 670481. What is q(87)?
59
Let x(j) = j**2 + 10943*j + 283978. Give x(-26).
136
Let n(r) = 5684*r - 34141. Give n(6).
-37
Let f(n) = -n**2 + 406*n + 226046. What is f(-314)?
-34
Let g(m) = m**3 - 20*m**2 - 1250*m + 62. Calculate g(46).
-2422
Let k(f) = -41*f**2 + 1470*f - 11750. What is k(12)?
-14
Let s(k) = -29*k**3 - 257*k**2 + 515*k - 10. Determine s(2).
-240
Let i(k) = 925*k - 275638. Calculate i(298).
12
Let h(d) = 2*d**3 - 709*d**2 - 1071*d + 1104. Determine h(356).
36
Let q(w) = -w**2 + 119*w - 3178. Determine q(41).
20
Let o(b) = -694*b - 6907. What is o(-11)?
727
Let v(d) = d**2 - 324*d + 4532. Calculate v(22).
-2112
Let c(i) = -12*i**2 + 1171*i + 5825. Calculate c(-5).
-330
Let f(l) = -l**3 + 112*l**2 + 478*l - 2529. Calculate f(116).
-905
Let o(u) = 809*u**2 - 16182*u + 39. Determine o(20).
-1
Let l(h) = -h**3 + 36*h**2 + 479*h - 164. Calculate l(-10).
-354
Let b(k) = k**3 - 142*k**2 - 274*k - 2535. Give b(144).
-519
Let d(h) = -5*h**2 + 90*h + 8854. What is d(52)?
14
Let n(t) = 317*t - 116598. What is n(367)?
-259
Let c(x) = -171*x + 26824. What is c(150)?
1174
Let y(z) = z**3 - 178*z**2 + 776*z - 204363. Give y(180).
117
Let h(u) = 2*u**3 + 811*u**2 - 401*u + 2032. Determine h(-406).
2
Let m(y) = -y**2 - 135423*y - 5009296. What is m(-37)?
-14
Let n(o) = 34*o**2 - 7906*o + 4112. What is n(232)?
-64
Let x(a) = -277*a - 19425. Give x(-70).
-35
Let y(w) = 3056*w + 275035. Determine y(-90).
-5
Let l(m) = -820*m + 63988. Give l(78).
28
Let t(x) = x**3 - 3*x**2 - 1408*x + 5619. Calculate t(4).
3
Let h(b) = -4619*b + 337186. Determine h(73).
-1
Let r(g) = -1130*g + 22289. What is r(18)?
1949
Let c(n) = 69*n**3 + 10488*n**2 + 17*n + 2583. Determine c(-152).
-1
Let r(i) = -i**3 - 52*i**2 - 642*i + 727. Determine r(-29).
2
Let y(c) = -99*c - 510. Calculate y(-6).
84
Let n(f) = f**2 + 1253*f + 80548. What is n(-69)?
-1148
Let s(r) = r**2 - 1744*r + 97844. Give s(58).
56
Let o(d) = 1160*d + 279297. Give o(-241).
-263
Let r(d) = 19*d**3 + 1352*d**2 + 209*d - 315. What is r(-71)?
-31
Let m(v) = -21*v**2 + 543*v + 771. What is m(29)?
-1143
Let y(r) = 14*r**3 - 9*r**2 - 34*r - 174. Determine y(-5).
-1979
Let h(c) = 4*c**2 + 5478*c - 60714. Determine h(11).
28
Let b(a) = -246*a**2 + 6321*a - 39470. Calculate b(15).
-5
Let y(f) = 7*f**2 + 1710*f + 47517. Calculate y(-32).
-35
Let n(b) = b**2 + 26332*b + 210591. What is n(-8)?
-1
Let m(a) = 15*a + 73. What is m(-34)?
-437
Let f(c) = -c**3 + 403*c**2 + 789*c + 8552. Give f(405).
47
Let k(l) = -l**3 - 70*l**2 + 53*l + 8444. What is k(-69)?
26
Let k(g) = 12*g**2 + 8050*g + 38618. What is k(-666)?
-10
Let i(j) = -2*j**2 + 1289*j - 110667. What is i(102)?
3
Let z(u) = -2*u**3 - 20*u**2 + 56*u - 2190. What is z(-16)?
-14
Let c(k) = -5*k**3 + 19*k**2 + 78*k - 324. What is c(4)?
-2